(w) = w**2 - w - 1. Let y(z) = -z**3 - z**2 + 2*z - 3. Let f(h) = -2*v(h) - y(h). Calculate f(0).
5
Let q(k) be the second derivative of 0 + 0*k**3 + 1/4*k**4 + 1/720*k**6 + 0*k**2 - k - 1/60*k**5. Let r(m) be the third derivative of q(m). Determine r(5).
3
Suppose 28 - 4 = 3*q. Let w(o) = -3*o + 12. What is w(q)?
-12
Let b(t) = -t**3 + 3*t**2 + 5. Let d(n) = 4*n**2. Let k = 4 - 3. Let r be d(k). Give b(r).
-11
Let v(x) = 11*x + 4. Let q(i) = -12*i - 5. Let f(r) = 6*q(r) + 7*v(r). Give f(-2).
-12
Let o(c) = -c**2 - 5*c - 14. Let p be o(-4). Let x(z) = z**2 + 9*z - 12. Calculate x(p).
-2
Let f(t) = -t**2 + 9*t - 5. Suppose 6*r - 29 - 7 = 0. Give f(r).
13
Suppose -2 - 8 = -5*s. Let k(m) = 2*m**3 + 6*m**3 + 1 + s*m - 2*m. Give k(1).
9
Let q be 1/1*(15 + -10). Suppose 2*n - n = -q. Let b(v) = v - 2. Give b(n).
-7
Let b(j) = -j**3 - 4*j**2 + 4*j + 6. Let g(o) = o**2. Let h(a) = b(a) + g(a). Let s(d) = -d - 3*d + 4 + 5*d. Let y be s(-8). Determine h(y).
6
Let n(k) = -165 + 75 - 13*k - k**2 + 81 + 2*k**2. Determine n(14).
5
Let c(i) be the first derivative of i**2/2 + 3*i + 44. What is c(-6)?
-3
Suppose -9 = 5*m - v, -3*v + 3 = -m - 2*m. Let r = m - 0. Let u(o) = 2*o**2 + 4*o + 2. Determine u(r).
2
Let q = -16 - -10. Let i = -3 - q. Let b(l) = -2*l**i + 3*l - l**2 - l**2 - 2*l. Determine b(1).
-3
Let q(x) be the second derivative of x**4/8 + 5*x**2 - 7*x. Let k(u) be the first derivative of q(u). What is k(1)?
3
Let f(o) = 3*o. Let x(n) = -2*n - 2*n - 4 + 3 + n. Let c(v) = -3*f(v) - 2*x(v). Determine c(3).
-7
Let z(j) = 5*j**3 + 3*j**2 - 8*j - 5. Let g(v) = v**3 - v - 1. Let d(a) = 6*g(a) - z(a). Give d(2).
-1
Let u(i) = i**2. Let y be 2/(-10) - (-8)/(-10). Calculate u(y).
1
Let a be (1 + -2)*2 - -3. Let n be (-3)/((-6)/3 + a). Let q(l) = 4 - n*l - 4 + 1. Calculate q(2).
-5
Let s = 8 - 6. Let u(p) = -3*p + 5. Let d(q) be the third derivative of 7*q**4/24 - 5*q**3/3 - q**2. Let b(l) = s*d(l) + 5*u(l). Determine b(5).
0
Let i(y) be the second derivative of 0 + 1/2*y**2 - 1/6*y**3 + 3*y. Determine i(-5).
6
Let n(f) be the second derivative of -f**5/20 + f**4/6 + f**3/6 - f**2/2 + 66*f. Determine n(3).
-7
Let p = -4 - -2. Let o(u) = u + 2. Let i be o(p). Let d(z) = 1 - 6*z + i + 0. Calculate d(-1).
7
Let v(z) = -z**3 + 3*z**2 + 6*z - 2. Let j(n) be the first derivative of -n**2/2 + 2. Let h be j(-4). What is v(h)?
6
Suppose -3*s = -3*g + 1 - 16, -10 = 3*s + 2*g. Let o(m) be the third derivative of 0*m - 2*m**2 + 0 - 1/24*m**4 + 2/3*m**3. Calculate o(s).
4
Let h be 2 + -2*(2 + 0). Let g(m) = -m. Determine g(h).
2
Let r be 1/(-1) + 1 - 1. Let s be 4/(r - 3)*-4. Let k(u) = -u**3 + 4*u**2. Determine k(s).
0
Let d(u) be the third derivative of -u**6/120 - u**5/10 - u**4/4 + 10*u**2. Let v = 41 + -16. Suppose v = 4*f - 9*f. Determine d(f).
5
Let f(x) = -5*x + x + x + x. What is f(1)?
-2
Let v(y) be the second derivative of y**4/12 - y**3/2 - 5*y**2/2 - 4*y. Give v(5).
5
Suppose -5*p + 8 = -3*w, 2*w + 2 = -p - 12. Let o be (2/3)/(w/9). Let m(y) = 5*y**3 - 2*y**2 + 2*y + 1 + 3*y**2 + 0*y**3. Calculate m(o).
-5
Let q(m) = 4*m**2 + 5*m + 4. Let y(v) = -4*v**2 - 4*v - 3. Let n(r) = -4*q(r) - 5*y(r). Give n(-1).
3
Let m(u) = -u**3 + 3*u**2 + 4*u + 1. Let k be 88/(-16)*1*2. Let a = 15 + k. Determine m(a).
1
Let u(d) = -d + 0*d + 5*d + d. Give u(-1).
-5
Suppose -2*p - 3*p + 5*l + 35 = 0, -4*l - 13 = p. Let b(r) = 0 - 2 - 2*r**3 + r**2 + r + p*r**3. What is b(-2)?
-8
Suppose 3*a - 3 = 3. Let q(z) = 5*z - a*z + 3*z - 5*z. Let h be -2*(-1 - 1/2). Determine q(h).
3
Let v(d) = 2*d**3 + 2*d**2 + 5. Let u(b) = 6*b**3 + 6*b**2 + 14. Let t(s) = 6*u(s) - 17*v(s). Let g = 1 - 2. What is t(g)?
-1
Let y(d) = -2*d + 2. Let s = -3 - -7. Give y(s).
-6
Let h(a) = 12*a - 15*a + 6*a. Determine h(1).
3
Let c = 71 + -66. Let d(g) = -g**2 + 3*g + 7. Determine d(c).
-3
Let u(n) = 0 - 4*n**2 + n**3 - 2*n + 7 - 1. Let d be (15/20)/((-1)/(-8)). Suppose 0 = -2*w + d*w - 16. Determine u(w).
-2
Let x(m) = -m**3 + 4*m**2 + 2*m - 2. Let i be -1 - -5 - (6 - 6). Give x(i).
6
Let k(x) = -x**3 - 9. Let h be k(0). Let l = h + 11. Let p(f) = -l*f**2 + 2*f**2 + 0*f**3 - 7*f**3 - 1. Give p(-1).
6
Let n(s) = -7*s**3 + s + 1. Let z be 1/((-4)/(-8)*6/(-3)). Determine n(z).
7
Let r(q) = -2*q**3 - 5*q**3 - q**3 + 5*q**3 - 4 - 3*q**2 + 3*q. Let l(o) = -4*o**3 - 3*o**2 + 4*o - 5. Let c(y) = 2*l(y) - 3*r(y). What is c(-3)?
5
Let w(b) = -b**2 - 4*b + 6. Let s(h) = 1. Let o(u) = 2*s(u) - w(u). Give o(-5).
1
Let w(c) = -c - 17. Suppose 2*p = -j - 7, -3*j = -0*p + 5*p + 24. Give w(j).
-4
Let s(j) = j**3 - 2*j - 1. Let b be s(-1). Let d(i) = -1 + 4 + b*i + 3*i. Let n(h) = h - 9. Let q be n(6). Calculate d(q).
-6
Let q(j) = j + 14. Let c(f) = -f**3 + 7*f**2 - 4*f - 8. Let x be c(6). Suppose x*p + t = -21, 4*p + 3 + 6 = -5*t. Calculate q(p).
8
Let j(l) = -l**3 - 6*l**2 - 7*l - 1. Suppose -2*o + 2*w - 5 - 15 = 0, 0 = 5*o + 4*w + 5. Calculate j(o).
9
Suppose -5*y + 45 = -0*j - 4*j, 5 = -4*y - 5*j. Let b(o) = o**2 - 8*o + 2. Give b(y).
-13
Let s(q) = 2*q**2 + q + 6. Let t(i) = -i**2 - 1. Let a(k) = s(k) + 5*t(k). Give a(-1).
-3
Suppose -w = 5*x + w + 8, 2*x - 2*w = 8. Let t = -5 - x. Let m = t + 5. Let y(v) = -v**3 - v**2 - v - 4. Determine y(m).
-4
Suppose 3*r = -2*r - 5. Let x be ((-4)/(-12))/(r/(-9)). Suppose 5*b + 2*d = -x*d + 5, -2*d - 34 = -4*b. Let s(v) = v**3 - 6*v**2 + 2*v - 4. Determine s(b).
8
Let i(t) = -31*t - 5 - 1 + 34*t. Determine i(5).
9
Let r(h) = -124*h + 8 - 7 + 140*h. What is r(2)?
33
Suppose -j = 3*o - 41, -67 = -4*o - o - j. Suppose o - 1 = 4*f. Let y(a) = a**3 - 2*a**2 - 3*a - 4. Calculate y(f).
-4
Let w(k) = k. Let q(u) = 7*u - 2. Let v(h) = q(h) - 6*w(h). Determine v(-3).
-5
Let u(t) = -2*t. Let b be u(-1). Let o(w) = 3*w**2 - w - 1. Give o(b).
9
Suppose 0*h + 4*h = 0. Suppose -5*a - 5*m - 10 = 0, 5*a + 3*m - 1 + 7 = h. Let j(g) = g - 9. Calculate j(a).
-9
Suppose 2*g = 5*w - 7 - 2, 0 = 5*w + 2*g - 1. Let l be 2/(w - -1) + 6. Let v = 11 - l. Let n(x) = -x**3 + 5*x**2 - 2*x - 4. Calculate n(v).
4
Let r(p) = 2*p - 2. Let d(n) = -3*n + 3. Let s be (-8 - -4)/((-1)/2). Let z(q) = s*r(q) + 5*d(q). Determine z(6).
5
Let a = 6 + -4. Let f(h) be the first derivative of -h**4/12 - h**3/3 + h**2/2 - 2*h - 5. Let m(b) be the first derivative of f(b). Give m(a).
-7
Let p(y) = -140 + 6*y - 3*y + 136. Give p(3).
5
Let s be (-2)/5 - ((-264)/(-20))/(-3). Let j(d) be the second derivative of -1/4*d**4 + 1/20*d**5 - 1/3*d**3 - 3/2*d**2 + 0 - d. Give j(s).
5
Let s(g) = -g**3 + 3*g**2 - 2. Let j(f) = f**3 + 3*f**2 + f + 1. Let r be j(-2). Determine s(r).
-2
Let s(b) = b - 12. Let v be (-10)/15 - 23/(-3). Suppose 4*k - v - 5 = 0. Suppose 8*q - k*q = 0. Give s(q).
-12
Let c(y) be the first derivative of -y**4/4 - y**3/3 - y**2/2 - 15*y + 33. What is c(0)?
-15
Let d(t) = t - 13. Let z(s) = 1. Let g(r) = -d(r) - 3*z(r). Let n(c) = 3*c**2 - 1. Let a be n(-1). Let b be 1*a - 12/(-3). What is g(b)?
4
Let v(o) be the first derivative of o**3/3 - o**2/2 + 1. Suppose 0 = -2*a - 3*y - 5, 2*y - 1 = 2*a + y. Give v(a).
2
Let h(u) = -u**2 + 3*u - 1. Let d = 11 - 7. Suppose -d*v + 3*c - 4 = 0, 6*c = -3*v + 2*c + 22. Determine h(v).
1
Let b(i) = i**3 + 12*i**2 + 8*i - 37. Let a be b(-11). Let x(z) = -3 + 2 - z - z**3 + 5*z - 3*z**2. Give x(a).
-1
Let l = 9 + -7. Let q(b) = -b**2 + 25*b - b**3 - l*b**2 - 26*b. Give q(-2).
-2
Suppose r - 6*r + 10 = 0. Suppose 4*n - 2*w - 2*w = 0, 0 = -r*w - 8. Let z(y) = y**2 - 3 - 1 + y + y. Give z(n).
4
Let a(l) = l**2 - l + 1. Let p(s) be the third derivative of -s**4/24 - s**3/6 - s**2. Let c be p(-3). Determine a(c).
3
Let h(r) = r + 1. Let d(i) = -3*i**2 - i + 1. Let z be d(-2). Let l = z + 13. Give h(l).
5
Suppose -5*u + 14 = 3*o, 5*o = -3*u - 3 + 5. Suppose -2*h + 3 = -h. Let a(w) = 4*w**h - 5*w**2 + 7 + 3*w - 3*w**3 - 4. Calculate a(u).
-1
Let o(g) = g + 0*g + 2*g**2 - g**2. Suppose 0*k + 5*l = 2*k - 1, -3*l = 3. Let v be (k + 2)*(-2 + 1). What is o(v)?
0
Suppose -3 - 1 = 4*q + 2*z, 12 = -4*q - 4*z. Let p(b) = b**2 + 3 + 2*b + 4*b**2 - 3 + q. Let m = -1 - 0. What is p(m)?
4
Let i(d) = 2*d**3 - 11*d**2 - 11*d - 19. Let u(l) = -l**3 + 6*l**2 + 6*l + 10. Let j(p) = 6*i(p) + 11*u(p). Let c = -3 + 3. Give j(c).
-4
Let d(m) be the third derivative of -m**6/120 + m**5/12 - 5*m**4/24 - m**3/2 - 3*